f t and l.
25
Let m be (-121)/(-2) + 33/22. Let z be m - -1 - (5 - 2). Suppose -88*a - 360 = -92*a. What is the highest common factor of z and a?
30
Suppose -97 = -v + 3*w, -v - w + 97 = -3*w. Suppose 2*t - u - 128 = v, -5*t + 2*u + 565 = 0. Calculate the highest common divisor of 23 and t.
23
Let j = 40 + 564. Let b be (3 - 2)/(2/j). Let n be b/4 - 2/(-4). Calculate the greatest common divisor of 19 and n.
19
Let t be 50/1*(-780)/(-325). Calculate the highest common divisor of 768 and t.
24
Suppose -5*u + 1135 = 2*p, 12*p + 3*u = 8*p + 2249. What is the highest common divisor of 56 and p?
56
Let y = 17 - 4. Let h = y + -8. What is the greatest common factor of h and 2?
1
Let t = 9 - 8. Let h be (8/3)/(t/6). Suppose -r + h = -0*r. Calculate the greatest common factor of r and 16.
16
Let d(f) = -2 - 23*f + 39*f - 21*f - 4. Let n be d(-4). Calculate the greatest common divisor of 2 and n.
2
Suppose -2*w - 5*o + 2519 = -1573, -5*o = -4*w + 8154. Calculate the greatest common divisor of 13 and w.
13
Let n = 17 - 8. Let r(m) = m**3 - 10*m**2 + 12*m - 16. Let d be r(n). Let g(f) = -11*f**3. Let b be g(-1). What is the highest common factor of b and d?
11
Suppose -z - 10 = 2*f - 0*f, 5*f + 20 = -5*z. Let k be 3*-4*2/f. Suppose -2*t + 4 = 0, k*t - 36 = -2*h + 3*t. What is the highest common divisor of 153 and h?
17
Let p(f) = f**2 - 4*f + 2. Let l be p(3). Let n be 1 - (1 + (2 - l)) - -122. Calculate the greatest common factor of n and 17.
17
Let d be -8*60/5*-1. Suppose 5*y + d = 4*s - 59, -5*y + 25 = 0. What is the highest common divisor of s and 18?
9
Let z = 110 - 104. Calculate the highest common factor of 12 and z.
6
Let g = 11 + 12. Suppose 12*a - 16*a + 736 = 0. Calculate the highest common factor of a and g.
23
Suppose -5*u - 4*r + 79 = -2*r, 0 = -5*u - 4*r + 83. Let s be (-70)/(-21)*18/u. What is the greatest common divisor of 4 and s?
4
Suppose 3*j - 2*s - 423 = -174, -2*j = 4*s - 150. Calculate the highest common divisor of j and 27.
27
Suppose 12*p = -3*p + 1755. Calculate the greatest common factor of 9 and p.
9
Suppose 26*j - 587 = 37. What is the greatest common factor of 804 and j?
12
Let d(p) = 3*p**2 + 1. Let v be d(-1). Suppose -2 = -2*l + v*l. Let i be l - 1*(-4 + -7). Calculate the highest common divisor of 70 and i.
10
Suppose -2*i - 4*r = -78, -5*i + 2*r + 7 = -164. Let j be i/20*(-1 + 5). What is the greatest common factor of j and 77?
7
Let c = 1455 + -1451. Let h(d) = -8*d - 2. Let f be h(-3). Calculate the highest common divisor of f and c.
2
Let c = 9 + 23. Suppose 0 = 2*w + 5*m - 79, -w - 5*m = -10*m - c. What is the greatest common factor of w and 259?
37
Suppose -1933 = -21*u + 125. What is the greatest common divisor of 406 and u?
14
Suppose 52*k - 56*k = -5*b + 115, 0 = 4*k. Calculate the highest common divisor of b and 575.
23
Let d be -6 - -4 - (-8 - 393). What is the greatest common factor of d and 57?
57
Suppose 4*s = 41 - 17. Let w = -5 + 7. Suppose w*c = -3*c + 30. What is the greatest common divisor of s and c?
6
Suppose 4*q - 4*g + 219 - 747 = 0, -4*g = 3*q - 361. Let s = -94 + q. What is the greatest common divisor of s and 22?
11
Suppose 5*p - 1 = 4. Let k be -1 - (-1 - 17/p). Suppose 3*c = 5*b + 388, 7*b = 5*c + 9*b - 688. Calculate the highest common divisor of c and k.
17
Suppose 5*f = -185 - 135. Let h = f + 104. Let t(o) = 6*o**2 + o + 3. Let r be t(1). What is the highest common divisor of h and r?
10
Suppose -4*h + 14 + 1 = a, 2*a + 5*h - 21 = 0. Suppose 4*u + 0 = -2*k + 6, 0 = -2*k + 2*u + 24. Let r = k + a. Calculate the greatest common factor of r and 48.
12
Let z(j) = j**3 - 2*j**2 - j - 4. Let s be z(3). Let d be 3 + (-8)/4 + s. Suppose 0 = d*a - 8*a + 30. Calculate the greatest common divisor of 3 and a.
3
Let q(u) = 1382*u**2 + 10*u - 15. Let o be q(1). What is the highest common factor of o and 162?
81
Let h = 4 + 0. Let w be (-1174)/(-7) - h/(-14). Let x(t) = 22*t**3 - 4*t**2 + 3*t. Let z be x(1). What is the highest common factor of w and z?
21
Let r be -1*(4 + -3)*-100. Suppose -5*a + 30 + r = 0. Calculate the greatest common divisor of 130 and a.
26
Suppose 0 = 2*b - 3*b + 4*d - 68, -b = -3*d + 72. Let q = 156 + b. What is the greatest common divisor of 18 and q?
18
Suppose -3*l + 273 = -3*h, 6*h = 2*h - 12. Suppose 3*t - 4 = -l. Let d = 2 - t. What is the greatest common factor of d and 12?
6
Let m(a) = a**2 - 3*a + 4. Let y be m(4). Let u be 6/(-51) + 115/(-2346) - (-313)/6. Calculate the highest common factor of u and y.
4
Let m = -202 - -241. What is the greatest common factor of m and 117?
39
Let o = -82 - -127. Let f be 7 - ((0 - -1) + 1). Suppose -f*h = -5*k + o, -3*k - 3*h + 51 = 2*h. Calculate the greatest common factor of k and 6.
6
Suppose 190*z = 184*z + 156. Let o be 3/((6/52)/1). Calculate the greatest common factor of o and z.
26
Suppose -t - 1295 = -c, 12*t - 1297 = -c + 11*t. Calculate the greatest common divisor of 48 and c.
48
Let a = 67 + -63. Suppose -4*v + 72 = 4*r, a - 42 = -2*r - 4*v. Calculate the greatest common factor of 17 and r.
17
Let w(f) = 89*f + 33. Let c be w(0). Let p be 2/8 - (-2149)/28. Calculate the highest common factor of c and p.
11
Suppose 239*m - 127 = 223*m + 1. Let w = 171 + 13. What is the highest common factor of m and w?
8
Let h(f) = 24*f + 6. Let u be h(2). What is the highest common divisor of u and 306?
18
Let r = 324 - 304. What is the greatest common divisor of 380 and r?
20
Let q(b) = -b**3 + 13*b**2 + 14*b + 11. Let y be q(14). Let w be y/(-22) - 1274/(-4). What is the highest common factor of 53 and w?
53
Suppose -3*m + 10 = -80. What is the greatest common factor of m and 15?
15
Suppose 29*t = 911 + 23594. What is the greatest common divisor of 52 and t?
13
Suppose -25*m = -9*m - 2304. Suppose 3*s + 138 = -0*s. Let q = -28 - s. Calculate the greatest common factor of q and m.
18
Let o(z) = 43*z - 622. Let c be o(15). Calculate the highest common divisor of 207 and c.
23
Let k be (-24)/(-16)*(-4)/(-3). Suppose -16 = -0*j - k*j. What is the greatest common divisor of j and 20?
4
Suppose -6*l = -3*t + 576, -2*l = 3*t - 474 - 86. What is the greatest common divisor of 235 and t?
47
Suppose 4*p - 5*r + 4*r - 23 = 0, -2*p - r = -7. Suppose -8*g = 3*n - 3*g - 35, -7 = -n - 4*g. Calculate the highest common divisor of n and p.
5
Suppose 98 = 3*l - 4*c, 3*c = -8*l + 3*l + 144. Calculate the highest common factor of 6 and l.
6
Let w(r) = -2*r**2 + 39*r + 44. Let p be w(19). What is the greatest common factor of p and 91?
7
Suppose 0 = 2*k - 0 - 12. Calculate the greatest common factor of k and 38.
2
Suppose 3*l = -3*o - 129, 3*l - 19 = -o - 158. Let k = -19 - l. Calculate the highest common factor of k and 87.
29
Let f(o) = o**2 + 12*o + 34. Let t be f(-14). Suppose -99 = -s + 2*b, 4*s - b - 96 = 3*s. What is the greatest common divisor of t and s?
31
Suppose 0 = -0*n + 5*n - 80. Let q(p) = -p**3 + 18*p**2 - 82*p + 33. Let w be q(9). What is the greatest common divisor of w and n?
8
Suppose -2*b - 2*b - 5*u - 4 = 0, -4*u = 2*b - 4. Let q(k) = k**2 + 4*k - 2. Let n be q(b). What is the highest common factor of 4 and n?
2
Let l(h) = h**3 - 4*h**2 + 8*h - 22. Let j be l(6). Calculate the greatest common factor of j and 56.
14
Let l be (44/55)/(4/(-10)). Let d(s) = s**2 + 0*s + 2*s + s**2. Let t be d(l). Calculate the greatest common divisor of t and 1.
1
Suppose -8*g = -10*g + 338. Calculate the highest common factor of g and 130.
13
Let o(a) = -21*a**3 - 4*a**2 - 5*a - 2. Let w be o(-1). What is the highest common factor of 540 and w?
20
Let u be 4/(0 - 4)*-37. Let t = u + -26. What is the highest common factor of t and 77?
11
Suppose 2*u + 2*u = 76. Let k = u + 65. Let p = 24 - 12. Calculate the highest common divisor of p and k.
12
Suppose 67*g - 6 - 3210 = 0. Calculate the highest common divisor of g and 276.
12
Let c be 5 - 2/(-20)*0. Let h(p) = -p**2 - p + 35. Let n be h(0). What is the greatest common divisor of c and n?
5
Let q = 19 - -19. Suppose 0 = -229*v + 237*v - 152. What is the greatest common factor of v and q?
19
Suppose t - 4*u - 24 = 0, 15*t + 3*u = 14*t + 3. Calculate the greatest common factor of 564 and t.
12
Suppose 3*y - 2*j = 2164, 0*y + j = -4*y + 2878. Calculate the greatest common factor of y and 108.
36
Let j(z) 